s the thousands digit of 23879?
3
What is the tens digit of 4226?
2
What is the hundreds digit of 2422?
4
What is the tens digit of 1416?
1
What is the units digit of 3694?
4
What is the units digit of 736?
6
What is the hundred thousands digit of 126207?
1
What is the thousands digit of 2208?
2
What is the thousands digit of 6304?
6
What is the hundreds digit of 303?
3
What is the thousands digit of 135409?
5
What is the tens digit of 714?
1
What is the hundreds digit of 7039?
0
What is the hundreds digit of 2555?
5
What is the thousands digit of 1064?
1
What is the hundreds digit of 141235?
2
What is the hundreds digit of 463?
4
What is the thousands digit of 12942?
2
What is the units digit of 214?
4
What is the thousands digit of 30296?
0
What is the tens digit of 156368?
6
What is the thousands digit of 12318?
2
What is the thousands digit of 1636?
1
What is the hundreds digit of 2649?
6
What is the tens digit of 2763?
6
What is the units digit of 122582?
2
What is the tens digit of 1498?
9
What is the hundreds digit of 56776?
7
What is the ten thousands digit of 26953?
2
What is the ten thousands digit of 13536?
1
What is the units digit of 406?
6
What is the hundreds digit of 12460?
4
What is the hundreds digit of 8070?
0
What is the units digit of 93634?
4
What is the thousands digit of 17335?
7
What is the units digit of 291?
1
What is the tens digit of 10156?
5
What is the thousands digit of 22961?
2
What is the tens digit of 18464?
6
What is the tens digit of 1189?
8
What is the units digit of 2891?
1
What is the thousands digit of 1224?
1
What is the tens digit of 5522?
2
What is the tens digit of 47063?
6
What is the units digit of 9721?
1
What is the ten thousands digit of 97823?
9
What is the thousands digit of 1107?
1
What is the units digit of 10936?
6
What is the thousands digit of 1847?
1
What is the ten thousands digit of 34750?
3
What is the thousands digit of 14109?
4
What is the thousands digit of 15252?
5
What is the ten thousands digit of 30991?
3
What is the hundreds digit of 3597?
5
What is the hundreds digit of 1867?
8
What is the hundreds digit of 63302?
3
What is the hundreds digit of 347?
3
What is the tens digit of 48559?
5
What is the hundreds digit of 14788?
7
What is the tens digit of 6079?
7
What is the thousands digit of 3777?
3
What is the hundreds digit of 1805?
8
What is the units digit of 502?
2
What is the units digit of 7349?
9
What is the units digit of 780?
0
What is the tens digit of 977?
7
What is the units digit of 39859?
9
What is the tens digit of 1549?
4
What is the hundreds digit of 2921?
9
What is the tens digit of 4022?
2
What is the ten thousands digit of 109884?
0
What is the ten thousands digit of 17380?
1
What is the units digit of 5345?
5
What is the hundreds digit of 951?
9
What is the hundreds digit of 46820?
8
What is the units digit of 2338?
8
What is the thousands digit of 14574?
4
What is the hundreds digit of 22907?
9
What is the units digit of 3810?
0
What is the units digit of 24229?
9
What is the ten thousands digit of 88276?
8
What is the ten thousands digit of 147493?
4
What is the units digit of 4211?
1
What is the tens digit of 514?
1
What is the tens digit of 3668?
6
What is the tens digit of 19851?
5
What is the ten thousands digit of 74452?
7
What is the hundreds digit of 2207?
2
What is the tens digit of 71?
7
What is the units digit of 533?
3
What is the units digit of 3245?
5
What is the hundreds digit of 879?
8
What is the hundreds digit of 9446?
4
What is the thousands digit of 1928?
1
What is the thousands digit of 5488?
5
What is the units digit of 80325?
5
What is the units digit of 19658?
8
What is the units digit of 848?
8
What is the tens digit of 1071?
7
What is the units digit of 4006?
6
What is the hundreds digit of 5076?
0
What is the hundreds digit of 7216?
2
What is the hundreds digit of 632?
6
What is the units digit of 47?
7
What is the hundreds digit of 2291?
2
What is the tens digit of 215?
1
What is the tens digit of 186?
8
What is the thousands digit of 16752?
6
What is the tens digit of 78250?
5
What is the tens digit of 3888?
8
What is the thousands digit of 140232?
0
What is the units digit of 2553?
3
What is the tens digit of 1593?
9
What is the units digit of 1186?
6
What is the hundreds digit of 11973?
9
What is the hundreds digit of 12845?
8
What is the tens digit of 1542?
4
What is the tens digit of 2480?
8
What is the hundreds digit of 31738?
7
What is the ten thousands digit of 15547?
1
What is the thousands digit of 36865?
6
What is the hundreds digit of 1028?
0
What is the hundreds digit of 6079?
0
What is the tens digit of 742?
4
What is the hundred thousands digit of 103639?
1
What is the tens digit of 998?
9
What is the units digit of 97?
7
What is the thousands digit of 1296?
1
What is the tens digit of 17940?
4
What is the hundreds digit of 138186?
1
What is the hundreds digit of 42465?
4
What is the units digit of 880?
0
What is the tens digit of 85?
8
What is the thousands digit of 1831?
1
What is the units digit of 69099?
9
What is the units digit of 6816?
6
What is the tens digit of 1188?
8
What is the hundreds digit of 9044?
0
What is the tens digit of 62682?
8
What is the hundreds digit of 915?
9
What is the hundreds digit of 38525?
5
What is the ten thousands digit of 67150?
6
What is the hundreds digit of 11156?
1
What is the hundreds digit of 1779?
7
What is the hundreds digit of 1620?
6
What is the tens digit of 1689?
8
What is the tens digit of 4906?
0
What is the thousands digit of 1496?
1
What is the units digit of 437?
7
What is the hundreds digit of 31514?
5
What is the units digit of 296?
6
What is the tens digit of 15044?
4
What is the hundreds digit of 5617?
6
What is the hundreds digit of 21168?
1
What is the thousands digit of 9740?
9
What is the hundreds digit of 159?
1
What is the thousands digit of 91164?
1
What is the tens digit of 41077?
7
What is the tens digit of 7734?
3
What is the thousands digit of 5725?
5
What is the hundreds digit of 3764?
7
What is the units digit of 947?
7
What is the thousands digit of 22992?
2
What is the units digit of 30410?
0
What is the thousands digit of 4074?
4
What is the thousands digit of 22934?
2
What is the units digit of 5847?
7
What is the tens digit of 451?
5
What is the units digit of 997?
7
What is the hundreds digit of 129?
1
What is the hundreds digit of 703?
7
What is the units digit of 16619?
9
What is the thousands digit of 9007?
9
What is the tens digit of 4181?
8
What is the tens digit of 1306?
0
What is the units digit of 2057?
7
What is the tens digit of 213?
1
What is the tens digit of 202?
0
What is the thousands digit of 31087?
1
What is the tens digit of 4530?
3
What is the thousands digit of 6658?
6
What is the hundreds digit of 5462?
4
What is the hundreds digit of 41611?
6
What is the hundreds digit of 43297?
2
What is the units digit of 1692?
2
What is the hundreds digit of 699?
6
What is the hundreds digit of 16417?
4
What is the units digit of 7651?
1
What is the thousands digit of 22449?
2
What is the units digit of 2800?
0
What is the hundreds digit of 28578?
5
What is the tens digit of 477?
7
What is the hundreds digit of 4692?
6
What is the units digit of 37313?
3
What is the thousands digit of 49710?
9
What is the units digit of 72521?
1
What is the tens digit of 7344?
4
What is the units digit of 3126?
6
What is the units digit of 33133?
3
What is the ten thousands digit of 59612?
5
What is the tens digit of 24832?
3
What is the hundreds digit of 3308?
3
What is the tens digit of 1966?
6
What is the thousands digit of 1265?
1
What is the units digit of 5426?
6
What is the hundreds digit of 54842?
8
What is the tens digit of 3058?
5
What is the hundreds digit of 776?
7
What is the tens digit of 106?
0
What is the hundreds digit of 400?
4
What is the tens digit of 2146?
4
What is the units digit of 40363?
3
What is the tens digit of 624?
2
What is the ten thousands digit of 18009?
1
What is the thousands digit of 31110?
1
What is the hundreds digit of 482?
4
What is the hundreds digit of 54340?
3
What is the hundreds digit of 71291?
2
What is the ten thousands digit of 12547?
1
What is the tens digit of 35966?
6
What is the thousands 